Calculate the highest common divisor of p and 25.
5
Let f(t) = -9*t**2 + 127*t + 20. Let v be f(9). Calculate the highest common divisor of 62 and v.
62
Let h be ((-36)/(-21))/((-1)/7). Let f(l) = -l**3 - 13*l**2 - 12*l + 16. Let n be f(h). Calculate the highest common factor of n and 2.
2
Let i(l) = 2*l**3 - 95*l**2 + 53*l + 56. Let n be i(47). What is the greatest common factor of n and 234?
26
Suppose 0 = 5*y + 2*i - 275, -3*y + 38 = 4*i - 127. Calculate the highest common factor of y and 99.
11
Suppose 0 = -5*b - b + 6. Let x be (3 + -12)/(b + -2). Suppose 4*g = g + 3. What is the greatest common divisor of g and x?
1
Suppose -3*b + 5*t = -22, 2*b + 5*t = -b - 28. Let y = b + 3. Suppose y*d = -6, 0 = 3*m - 5*d - 31 - 89. Calculate the highest common factor of m and 5.
5
Let m(g) = -5*g - 1. Let n be m(-2). Suppose 6*b = n*b - 324. Calculate the highest common factor of b and 12.
12
Suppose y + 164 = 2*j, 0 = -j + 3*y + 85 - 13. Suppose 0 = 7*s - 0*s - j. What is the highest common factor of 16 and s?
4
Let g = 88 + -53. What is the highest common factor of 5 and g?
5
Let r(a) = a**2 + 5*a + 6. Let x be r(-4). Suppose g = 2*g - 4*k - 62, -2*k + x = 0. Calculate the highest common factor of 165 and g.
33
Let k be -276*1*-5*15/60. Calculate the highest common divisor of k and 276.
69
Suppose 13*q - 2*q - 495 = 0. Calculate the highest common divisor of 63 and q.
9
Let v(b) = b**2 - b - 4. Let a be v(3). Suppose -2*x + 81 = 5*l + a*x, x = 4. What is the highest common factor of l and 13?
13
Suppose u = -3*k - 13, -5*k = -u + 2*u + 19. Let y be -5 + (-7 - u - -4). Let z be (y + 2 - -11) + -4. Calculate the highest common factor of z and 2.
1
Let o be (136/(-28) + -4)*(-6 + -1). What is the greatest common factor of o and 2?
2
Suppose 1 + 3 = m. Suppose m*d - 5*d - c = -11, -3*d + 5*c = -25. Calculate the greatest common factor of d and 20.
10
Let w(k) = k**3 + 10*k**2 - 9*k + 27. Let h be w(-11). Let t be (-6)/(-33) - ((-3455)/11)/h. Calculate the highest common factor of t and 42.
21
Let s(r) = r**2 - 7*r - 8. Let i be s(8). Let m be (i + 13/(-2))*-10. Suppose -4*b = m - 681. What is the highest common factor of 14 and b?
14
Let s be ((-7344)/(-240))/(12/20). Calculate the greatest common factor of 51 and s.
51
Let y be ((-26960)/(-36))/5 - (-8)/36. Calculate the highest common divisor of y and 30.
30
Let f = -25 + 25. Suppose f*s + s = 8. What is the highest common divisor of 72 and s?
8
Suppose -2*c + 0*c + 22 = -p, 0 = -2*p - 8. What is the highest common divisor of c and 108?
9
Let l be -1 - (135/(-5) + 1). Suppose -l = -u - 3. Calculate the highest common divisor of 11 and u.
11
Let q(f) = 3*f**2 + 58*f - 25. Let u be q(-20). What is the greatest common divisor of 9 and u?
3
Let j(s) = 18*s**2 + s. Let v be j(-1). Let o be (4 - (-66)/(-8))*(-11 - 33). Calculate the greatest common factor of v and o.
17
Let t be ((-4)/10)/(2/10). Let g be ((-736)/4)/((-2)/t). Let b be 8/(-6)*(-2 + g). What is the greatest common factor of 31 and b?
31
Suppose -h + 38 + 117 = 0. Let b be -9 + 1 + 3 - (7 + -74). Calculate the greatest common divisor of b and h.
31
Suppose 34 - 139 = -7*o. What is the highest common divisor of o and 80?
5
Suppose 400 + 1168 = 28*m. Calculate the highest common divisor of 504 and m.
56
Let u = -200 - -231. Calculate the greatest common divisor of 62 and u.
31
Suppose -c - 4*m - 2828 = -5*c, -1393 = -2*c - 5*m. Suppose -2*k + 232 = -2*f, -2*f + 115 - c = -5*k. What is the greatest common factor of 17 and k?
17
Let z be 3/((-60)/62 + 1). Suppose l - 18 = 13. What is the greatest common factor of z and l?
31
Let h(z) be the second derivative of 25*z**3/6 + 5*z**2/2 - 4*z. Let w be h(3). What is the highest common factor of w and 16?
16
Let q(d) = 3*d**3 + 2*d**2 - 2*d. Let v be q(1). Suppose -5*h = -t - 218, -3*h - 5*t + v*t + 136 = 0. What is the greatest common divisor of h and 11?
11
Let w(j) = 4*j**2 + 2*j + 2. Let x be w(-2). Let i(l) = -l**2 + 3*l + 14. Let k be i(0). What is the greatest common factor of x and k?
14
Let w be 6*(-10)/(-4)*40/30. Calculate the highest common divisor of 1 and w.
1
Let u be (-244)/(-6) - 6/9. Suppose 4*v = 4*n + 7*v - 76, -5*n + 4*v + 64 = 0. What is the highest common divisor of n and u?
8
Let i(j) = -61*j - 548. Let o be i(-23). What is the greatest common factor of o and 190?
95
Let f be (-879)/(-12) - 6/(-8). Let g = -68 + f. Calculate the greatest common factor of 6 and g.
6
Let d = -54 + 130. Calculate the greatest common factor of 38 and d.
38
Suppose 3*n = 247 + 221. What is the greatest common divisor of n and 208?
52
Let i be (-1)/(-3) - (-246)/18. Suppose 2*g = 10 + i. Let q be (g/5)/(8/20). What is the highest common factor of q and 54?
6
Let v(o) = o**2 - 9*o + 8. Suppose -3*w + 15 + 24 = -3*g, 16 = 2*w + 3*g. Let z be v(w). Calculate the greatest common factor of z and 6.
6
Let d = 51 - 7. Suppose 119*g - 335*g = -11880. What is the greatest common factor of g and d?
11
Let m(w) = 16*w - 47. Let p be m(4). Calculate the greatest common factor of p and 136.
17
Let u(c) = c**2 + 100*c + 665. Let l be u(-7). Let j be (-170)/(-4) - 2/4. What is the greatest common factor of j and l?
14
Suppose 21 = 10*r - 129. What is the highest common divisor of r and 55?
5
Suppose -3*j + 4*y = -1201, 3*j - 13*y - 1199 = -11*y. What is the greatest common divisor of 63 and j?
21
Suppose 15 = 2*g - 3*d + 4, -4*g + d + 17 = 0. Suppose -336 = -0*h - g*h + 4*k, -4*h + 336 = -3*k. What is the greatest common factor of 28 and h?
28
Let t(g) = g + 2. Let v be t(-5). Let j be ((-10)/(-3) + v)*30. Suppose 3*f + j = 5*f. Calculate the highest common divisor of f and 15.
5
Let r = 135 + -116. Let s = r + -9. Calculate the highest common factor of s and 10.
10
Suppose -2*m = m + 24. Let x be 2*(-1 - 28/m). Let d be 221 + 2 - (-10)/x. What is the greatest common factor of d and 25?
25
Let h(s) = -s**3 - 5*s**2 - 5*s - 15. Let x be h(-5). Suppose x*i - 20 = 5*i. Calculate the greatest common factor of 8 and i.
4
Suppose -1783 = -2*n - 63. Calculate the highest common divisor of n and 20.
20
Suppose 4*g + 12 + 60 = 0. Let v be 32/(-6)*g/12. Calculate the greatest common factor of v and 40.
8
Let h be 1112/14 + (-44)/(-77). Let d be (-6)/(-27) - (-88)/9. Calculate the highest common factor of d and h.
10
Let f = -1861 + 2056. Calculate the greatest common divisor of f and 60.
15
Suppose 600 = -59*h + 109*h. Suppose 5*m - 28 = -5*v + 7, -3 = 3*m - 5*v. What is the greatest common divisor of m and h?
4
Let v = 64 + -9. Let o = v - 45. Calculate the highest common factor of o and 30.
10
Let l(d) = 69*d + 463. Let v be l(-6). What is the highest common divisor of 147 and v?
49
Let c = 106 + -46. Suppose -s = s - c. Calculate the highest common divisor of 15 and s.
15
Let r be (42/(-12))/((15/6)/(-5)). Let t be 6 - 1/(-2)*(-4 + 6). Calculate the highest common factor of t and r.
7
Let o = -820 - -908. Calculate the highest common divisor of o and 110.
22
Let b be 6/3*(19 + -2). Suppose 0 = 4*g - b - 158. What is the highest common divisor of g and 32?
16
Let n(j) = 2*j**3 - 12 - 6*j**3 + 10*j**2 - 13*j + 5*j**3. Let c be n(-11). Let f be (48/(-10))/((-4)/c). What is the greatest common divisor of f and 24?
12
Suppose -330 = -3*v - 2*v. Let q(f) = f**3 - 111*f - 11. Let d be q(11). Calculate the greatest common divisor of v and d.
33
Let m(v) = v**3 - 28*v**2 - 59*v - 16. Let o be m(30). What is the greatest common factor of o and 343?
7
Suppose -106*o = -114*o + 224. Let x be 16*14 - (-1 + 1). What is the greatest common divisor of x and o?
28
Let k(p) = -p**2 + 52*p - 122. Let a be k(48). Calculate the greatest common divisor of a and 1155.
35
Let z be ((-288)/(-64))/((-6)/(-644)). Calculate the greatest common divisor of z and 21.
21
Let n(s) = -2*s**3 - 57*s**2 + 30*s + 35. Let o be n(-29). What is the highest common divisor of 192 and o?
6
Let b(j) = 10*j - 1 - 7*j - 3. Let v be b(4). Suppose -2*m - 2*u - 20 = -3*m, 3*m = u + 60. Calculate the highest common factor of v and m.
4
Let h = -2172 - -2246. Let c(r) = r**3 + 5*r**2 - r - 7. Let m be c(-5). Let s(a) = 9*a**2 + 1. Let n be s(m). What is the highest common divisor of h and n?
37
Let r(q) = -q**3 - 14*q**2 - 3*q - 28. Let p be r(-14). Calculate the high